{"id":426,"date":"2016-09-15T19:16:46","date_gmt":"2016-09-15T19:16:46","guid":{"rendered":"http:\/\/www.formation-plomberie-chauffage.com\/?page_id=426"},"modified":"2025-05-08T13:53:52","modified_gmt":"2025-05-08T17:53:52","slug":"formation-entrepreneur-2","status":"publish","type":"page","link":"https:\/\/www.formation-plomberie-chauffage.com\/?page_id=426","title":{"rendered":"Formation Entrepreneur"},"content":{"rendered":"<p>[vc_row newlayout=\u00a0\u00bbFixed\u00a0\u00bb css=\u00a0\u00bb.vc_custom_1431950802762{margin-bottom: 0px !important;}\u00a0\u00bb][vc_column width=\u00a0\u00bb1\/2&Prime;][vc_custom_heading text=\u00a0\u00bbLa formation pour la pr\u00e9paration \u00e0 l&rsquo;examen 15.5 de la CMMTQ est suspendu. \u00a0\u00bb font_container=\u00a0\u00bbtag:h2|font_size:32|text_align:left|color:%233088cd\u00a0\u00bb use_theme_fonts=\u00a0\u00bbyes\u00a0\u00bb][vc_column_text]<span>\u00ab\u00a0Nos formations pour la RBQ sont disponibles EXCLUSIVEMENT en ligne et proposent des quiz interactifs, des documents de r\u00e9f\u00e9rence ainsi que des liens internet pour une exp\u00e9rience d&rsquo;apprentissage optimale.\u00a0\u00bb<\/span><\/p>\n<p><strong>1. RBQ : Administration (gestion financi\u00e8re &amp; l\u00e9gislation)\u00a0<\/strong><\/p>\n<p><strong>2. RBQ : Gestion de la s\u00e9curit\u00e9 (CSST)<\/strong><\/p>\n<p><strong>3. RBQ : Gestion de projet<\/strong><\/p>\n<p><strong>4. CMMTQ : License (15.5) : Cette formation est suspendu.\u00a0<\/strong>[\/vc_column_text][\/vc_column][vc_column width=\u00a0\u00bb1\/2&Prime;][vc_tta_accordion style=\u00a0\u00bbflat\u00a0\u00bb shape=\u00a0\u00bbsquare\u00a0\u00bb color=\u00a0\u00bbblack\u00a0\u00bb c_icon=\u00a0\u00bb\u00a0\u00bb active_section=\u00a0\u00bb54&Prime; css=\u00a0\u00bb.vc_custom_1478092557352{padding-top: 10px !important;padding-bottom: 10px !important;}\u00a0\u00bb el_class=\u00a0\u00bbacc_formation\u00a0\u00bb collapsible_all=\u00a0\u00bbtrue\u00a0\u00bb][vc_tta_section i_icon_fontawesome=\u00a0\u00bbfa fa-calendar\u00a0\u00bb title=\u00a0\u00bbType de formations \u00a0\u00bb tab_id=\u00a0\u00bb1473691979108-e23bc419-2f2a\u00a0\u00bb add_icon=\u00a0\u00bbtrue\u00a0\u00bb][vc_column_text]<span style=\"color: #ffffff;\">* CMMTQ (licence 15.5) :\u00a0suspendu.<\/span><\/p>\n<p><span style=\"color: #ffffff;\">**RBQ est <span style=\"text-decoration: underline;\">uniquement<\/span> en ligne.<\/span><\/p>\n<p><span style=\"color: #ffffff;\">* Vous pouvez m&rsquo;\u00e9crire\u00a0\u00a0pour de plus amples informations.<\/span>[\/vc_column_text][\/vc_tta_section][vc_tta_section i_icon_fontawesome=\u00a0\u00bbfa fa-clock-o\u00a0\u00bb title=\u00a0\u00bbDur\u00e9e des formations\u00a0\u00bb tab_id=\u00a0\u00bb1473691979205-c629674f-0a03&Prime; add_icon=\u00a0\u00bbtrue\u00a0\u00bb][vc_column_text]<span style=\"color: #ffffff;\">La formation CMMTQ (License 15.5) est uniquement en ligne qui est\u00a0g\u00e9n\u00e9ralement suffisante et tr\u00e8s populaire aupr\u00e8s de nos apprenants en raison de son grand succ\u00e8s. <\/span><\/p>\n<p><span style=\"color: #ffffff;\">Pour les 3 examens de la RBQ, nous offrons uniquement une formation en ligne, qui peut durer jusqu&rsquo;\u00e0 une trentaine\u00a0d&rsquo;heures d&rsquo;\u00e9tude.<\/span>[\/vc_column_text][\/vc_tta_section][vc_tta_section i_icon_fontawesome=\u00a0\u00bbfa fa-clock-o\u00a0\u00bb title=\u00a0\u00bbDur\u00e9e de votre compte\u00a0\u00bb tab_id=\u00a0\u00bb1529446830855-43de8ca5-e1d5&Prime; add_icon=\u00a0\u00bbtrue\u00a0\u00bb][vc_column_text]<span style=\"color: #ffffff;\">Votre compte restera valide pour une dur\u00e9e de 6 mois, ou jusqu&rsquo;\u00e0 la date de votre examen, selon la premi\u00e8re \u00e9ch\u00e9ance atteinte. Plus d&rsquo;informations \u00e0 ce sujet sont disponibles sur cette page web.<\/span>[\/vc_column_text][\/vc_tta_section][vc_tta_section i_icon_fontawesome=\u00a0\u00bbfa fa-usd\u00a0\u00bb title=\u00a0\u00bbCo\u00fbt des formations (Tx en sus)\u00a0\u00bb tab_id=\u00a0\u00bb1473692413342-2af1796d-8637&Prime; add_icon=\u00a0\u00bbtrue\u00a0\u00bb][vc_column_text]<\/p>\n<div name=\"messageBodySection\">\n<p><span size=\"4\"><\/span><span style=\"color: #ffffff;\">formation pour RBQ= $ 700 + tx= $804.82<\/span><\/p>\n<p><span style=\"color: #ffffff;\">Formation 15.5= $ 750 + tx= $ 862.31<\/span><\/p>\n<p><span style=\"color: #ffffff;\">RBQ + 15.5= $1400 + tx = $ 1609.65<\/span><\/p>\n<p><span style=\"color: #ffffff;\">Tous payable par interac \u00e0\u00a0prof777@gmail.com<\/span><\/p>\n<p>&nbsp;<\/p>\n<\/div>\n<p>[\/vc_column_text][\/vc_tta_section][vc_tta_section i_icon_fontawesome=\u00a0\u00bbfa fa-sign-in\u00a0\u00bb title=\u00a0\u00bbInscrivez-vous maintenant\u00a0\u00bb tab_id=\u00a0\u00bb1473692508108-b569ebf1-77f3&Prime; add_icon=\u00a0\u00bbtrue\u00a0\u00bb][vc_raw_html]JTNDZm9ybSUyMGFjdGlvbiUzRCUyMmh0dHBzJTNBJTJGJTJGd3d3LnBheXBhbC5jb20lMkZjZ2ktYmluJTJGd2Vic2NyJTIwJTIyJTIwbWV0aG9kJTNEJTIycG9zdCUyMiUyMHRhcmdldCUzRCUyMl90b3AlMjIlM0UlMEElM0NpbnB1dCUyMHR5cGUlM0QlMjJoaWRkZW4lMjIlMjBuYW1lJTNEJTIyY21kJTIyJTIwdmFsdWUlM0QlMjJfcy14Y2xpY2slMjIlM0UlMEElM0NpbnB1dCUyMHR5cGUlM0QlMjJoaWRkZW4lMjIlMjBuYW1lJTNEJTIyaG9zdGVkX2J1dHRvbl9pZCUyMiUyMHZhbHVlJTNEJTIySkNUMkY3QVFRVk5RWSUyMiUzRSUwQSUzQ3AlM0UlM0NsYWJlbCUzRSUzQ2JyJTNFJTBBJTNDc3BhbiUyMGNsYXNzJTNEJTIyd3BjZjctZm9ybS1jb250cm9sLXdyYXAlMjB5b3VyLW5hbWUlMjIlM0UlM0NpbnB1dCUyMHR5cGUlM0QlMjJ0ZXh0JTIyJTIwbmFtZSUzRCUyMmZpcnN0X25hbWUlMjIlMjBwbGFjZWhvbGRlciUzRCUyMlByJUMzJUE5bm9tJTIyJTIwc2l6ZSUzRCUyMjQwJTIyJTIwY2xhc3MlM0QlMjJ3cGNmNy1mb3JtLWNvbnRyb2wlMjB3cGNmNy10ZXh0JTIwd3BjZjctdmFsaWRhdGVzLWFzLXJlcXVpcmVkJTIyJTIwYXJpYS1yZXF1aXJlZCUzRCUyMnRydWUlMjIlMjBhcmlhLWludmFsaWQlM0QlMjJmYWxzZSUyMiUyMHJlcXVpcmVkJTNEJTIydHJ1ZSUyMiUzRSUzQyUyRnNwYW4lM0UlMjAlM0MlMkZsYWJlbCUzRSUzQyUyRnAlM0UlMEElM0NwJTNFJTNDbGFiZWwlM0UlM0NiciUzRSUwQSUzQ3NwYW4lMjBjbGFzcyUzRCUyMndwY2Y3LWZvcm0tY29udHJvbC13cmFwJTIweW91ci1uYW1lJTIyJTNFJTNDaW5wdXQlMjB0eXBlJTNEJTIydGV4dCUyMiUyMG5hbWUlM0QlMjJsYXN0X25hbWUlMjIlMjBwbGFjZWhvbGRlciUzRCUyMk5vbSUyMiUyMHNpemUlM0QlMjI0MCUyMiUyMGNsYXNzJTNEJTIyd3BjZjctZm9ybS1jb250cm9sJTIwd3BjZjctdGV4dCUyMHdwY2Y3LXZhbGlkYXRlcy1hcy1yZXF1aXJlZCUyMiUyMGFyaWEtcmVxdWlyZWQlM0QlMjJ0cnVlJTIyJTIwYXJpYS1pbnZhbGlkJTNEJTIyZmFsc2UlMjIlMjByZXF1aXJlZCUzRCUyMnRydWUlMjIlM0UlM0MlMkZzcGFuJTNFJTIwJTNDJTJGbGFiZWwlM0UlM0MlMkZwJTNFJTBBJTNDcCUzRSUzQ2xhYmVsJTNFJTNDYnIlM0UlMEElM0NzcGFuJTIwY2xhc3MlM0QlMjJ3cGNmNy1mb3JtLWNvbnRyb2wtd3JhcCUyMHlvdXItZW1haWwlMjIlM0UlM0NpbnB1dCUyMHR5cGUlM0QlMjJlbWFpbCUyMiUyMG5hbWUlM0QlMjJlbWFpbCUyMiUyMHBsYWNlaG9sZGVyJTNEJTIyQ291cnJpZWwlMjIlMjBzaXplJTNEJTIyNDAlMjIlMjBjbGFzcyUzRCUyMndwY2Y3LWZvcm0tY29udHJvbCUyMHdwY2Y3LXRleHQlMjB3cGNmNy1lbWFpbCUyMHdwY2Y3LXZhbGlkYXRlcy1hcy1yZXF1aXJlZCUyMHdwY2Y3LXZhbGlkYXRlcy1hcy1lbWFpbCUyMiUyMGFyaWEtcmVxdWlyZWQlM0QlMjJ0cnVlJTIyJTIwYXJpYS1pbnZhbGlkJTNEJTIyZmFsc2UlMjIlMjByZXF1aXJlZCUzRCUyMnRydWUlMjIlM0UlM0MlMkZzcGFuJTNFJTIwJTNDJTJGbGFiZWwlM0UlM0MlMkZwJTNFJTBBJTNDcCUzRSUzQ2xhYmVsJTNFJTNDYnIlM0UlMEElM0NzcGFuJTIwY2xhc3MlM0QlMjJ3cGNmNy1mb3JtLWNvbnRyb2wtd3JhcCUyMFRscGhvbmUlMjIlM0UlM0NpbnB1dCUyMHR5cGUlM0QlMjJ0ZWwlMjIlMjBuYW1lJTNEJTIybmlnaHRfcGhvbmVfYSUyMiUyMHBsYWNlaG9sZGVyJTNEJTIyVCVDMyVBOWwlQzMlQTlwaG9uZSUyMiUyMHNpemUlM0QlMjI0MCUyMiUyMGNsYXNzJTNEJTIyd3BjZjctZm9ybS1jb250cm9sJTIwd3BjZjctdGV4dCUyMHdwY2Y3LXRlbCUyMHdwY2Y3LXZhbGlkYXRlcy1hcy10ZWwlMjIlMjBhcmlhLWludmFsaWQlM0QlMjJmYWxzZSUyMiUyMHJlcXVpcmVkJTNEJTIydHJ1ZSUyMiUzRSUzQyUyRnNwYW4lM0UlMjAlM0MlMkZsYWJlbCUzRSUzQyUyRnAlM0UlMEElM0NwJTNFJTNDbGFiZWwlM0UlM0NiciUzRSUwQSUzQ3NwYW4lMjBjbGFzcyUzRCUyMndwY2Y3LWZvcm0tY29udHJvbC13cmFwJTIweW91ci1zdWJqZWN0JTIyJTNFJTNDaW5wdXQlMjB0eXBlJTNEJTIydGV4dCUyMiUyMG5hbWUlM0QlMjJjaXR5JTIyJTIwcGxhY2Vob2xkZXIlM0QlMjJWaWxsZSUyMGRlJTIwciVDMyVBOXNpZGVuY2UlMjIlMjBzaXplJTNEJTIyNDAlMjIlMjBjbGFzcyUzRCUyMndwY2Y3LWZvcm0tY29udHJvbCUyMHdwY2Y3LXRleHQlMjIlMjBhcmlhLWludmFsaWQlM0QlMjJmYWxzZSUyMiUyMHJlcXVpcmVkJTNEJTIydHJ1ZSUyMiUzRSUzQyUyRnNwYW4lM0UlMjAlMjAlM0MlMkZsYWJlbCUzRSUzQyUyRnAlM0UlMEElM0NwJTNFJTNDc3BhbiUyMGNsYXNzJTNEJTIyd3BjZjctZm9ybS1jb250cm9sLXdyYXAlMjBGb3JtYXRpb24lMjIlM0UlMEElM0NpbnB1dCUyMHR5cGUlM0QlMjJoaWRkZW4lMjIlMjBuYW1lJTNEJTIyb24wJTIyJTIwdmFsdWUlM0QlMjJUYXJpZnMlMjBkZXMlMjBvcHRpb25zJTIwZGVzJTIwZm9ybWF0aW9ucyUyMiUzRSUwQSUzQ3AlM0UlMEElM0NzZWxlY3QlMjBuYW1lJTNEJTIyb3MwJTIyJTNFJTBBJTNDJTJGc2VsZWN0JTNFJTBBJTNDJTJGcCUzRSUwQSUzQ3AlM0UlMEElM0NpbnB1dCUyMHR5cGUlM0QlMjJoaWRkZW4lMjIlMjBuYW1lJTNEJTIyY3VycmVuY3lfY29kZSUyMiUyMHZhbHVlJTNEJTIyQ0FEJTIyJTNFJTBBJTNDaW5wdXQlMjB0eXBlJTNEJTIyc3VibWl0JTIyJTIwdmFsdWUlM0QlMjJBY2hldGVyJTIwbGElMjBmb3JtYXRpb24lMjIlMjBjbGFzcyUzRCUyMndwY2Y3LWZvcm0tY29udHJvbCUyMHdwY2Y3LXN1Ym1pdCUyMiUzRSUwQSUzQ2ltZyUyMHN0eWxlJTNEJTIybWFyZ2luLXRvcCUzQSUyMDEwcHglMjFpbXBvcnRhbnQlM0IlMjIlMjB3aWR0aCUzRDIwMCUyMHNyYyUzRCUyMmh0dHBzJTNBJTJGJTJGd3d3LnBheXBhbG9iamVjdHMuY29tJTJGd2Vic3RhdGljJTJGbWt0ZyUyRmxvZ28lMkZBTV9tY192c19kY19hZS5qcGclMjIlMjBib3JkZXIlM0QlMjIwJTIyJTIwYWx0JTNEJTIyUGF5UGFsJTIwQWNjZXB0YW5jZSUyME1hcmslMjIlM0UlMEElM0MlMjEtLSUzQ2ltZyUyMGFsdCUzRCUyMiUyMiUyMGJvcmRlciUzRCUyMjAlMjIlMjBzcmMlM0QlMjJodHRwcyUzQSUyRiUyRnd3dy5wYXlwYWxvYmplY3RzLmNvbSUyRmZyX0NBJTJGaSUyRmJ0biUyRmJ0bl9wYXlub3dDQ19MRy5naWYlMjIlMjB3aWR0aCUzRCUyMjElMjIlMjBoZWlnaHQlM0QlMjIxJTIyJTNFLS0lM0UlMEElM0MlMkZwJTNFJTBBJTNDaW5wdXQlMjB0eXBlJTNEJTIyaGlkZGVuJTIyJTIwbmFtZSUzRCUyMm5vdGlmeV91cmwlMjIlMjB2YWx1ZSUzRCUyMmh0dHBzJTNBJTJGJTJGd3d3LmZvcm1hdGlvbi1wbG9tYmVyaWUtY2hhdWZmYWdlLmNvbSUyRiUzRkFuZ2VsbEVZRV9QYXlwYWxfSXBuX0Zvcl9Xb3JkcHJlc3MlMjZhY3Rpb24lM0RpcG5faGFuZGxlciUyMiUzRSUwQSUzQyUyRmZvcm0lM0U=[\/vc_raw_html][\/vc_tta_section][\/vc_tta_accordion]<div class=\"test-shotcode-single testimonial   test_formation\"><img loading=\"lazy\" decoding=\"async\" class=\"pull-left\" src=\"https:\/\/www.formation-plomberie-chauffage.com\/wp-content\/uploads\/2019\/10\/Kevin-Fortin.png\" alt=\"K\u00e9vin Fortin\" width=\"110\" height=\"100\" \/>\r\n\t\t\t\t\t\t\t\t\t\t\t<h5>K\u00e9vin Fortin<\/h5>\r\n\t\t\t\t\t\t\t\t\t\t\t<p>J&rsquo;ai r\u00e9ussi mon examen d&rsquo;entrepreneur gr\u00e2ce \u00e0 toi Pierre. Tu es un tr\u00e8s bon prof!<\/p><\/div>[vc_column_text]<\/p>\n<p style=\"text-align: left;\"><span style=\"text-decoration: underline;\"><span style=\"color: #000000;\"><a href=\"http:\/\/www.formation-plomberie-chauffage.com\/?page_id=193\" style=\"color: #000000;\"><em>Voir tous les t\u00e9moignages<\/em><\/a><\/span><\/span><\/p>\n<p>[\/vc_column_text][\/vc_column][\/vc_row][vc_row][vc_column]<hr class=\"line-spacer  \"\/>[\/vc_column][\/vc_row][vc_row][vc_column width=\u00a0\u00bb1\/2&Prime;][vc_custom_heading text=\u00a0\u00bbPlanifiez vos dates d\u2019examens ( cliquez sur les liens web en bleu )\u00a0\u00bb font_container=\u00a0\u00bbtag:h2|font_size:24|text_align:left|color:%2321282e\u00a0\u00bb use_theme_fonts=\u00a0\u00bbyes\u00a0\u00bb][vc_column_text]<em>(*Cliquez\u00a0sur les liens ou phrases soulign\u00e9es)<\/em><\/p>\n<p>Planifiez vos <a href=\"https:\/\/www.cmmtq.org\/client_file\/upload\/Qualification\/Examens\/Calendrier_seances_examens.pdf\" onclick=\"__gaTracker('send', 'event', 'download', 'https:\/\/www.cmmtq.org\/client_file\/upload\/Qualification\/Examens\/Calendrier_seances_examens.pdf');\">dates d&rsquo;examens de la CMMTQ<\/a>, qui donne les <a href=\"https:\/\/www.cmmtq.org\/fr\/Futur-entrepeneur\/Licence-d-entrepreneur\/Examens\/\" onclick=\"__gaTracker('send', 'event', 'outbound-article', 'https:\/\/www.cmmtq.org\/fr\/Futur-entrepeneur\/Licence-d-entrepreneur\/Examens\/', '4 examens (la 15.5 et les 3 de la RBQ) ');\">4 examens (la 15.5 et les 3 de la RBQ) <\/a>en g\u00e9n\u00e9ral sur 2 jours cons\u00e9cutifs, en vous appuyant sur mes formations en ligne.<\/p>\n<p>Inscrivez-vous suffisamment \u00e0 l&rsquo;avance pour permettre \u00e0 la CMMTQ de traiter vos formulaires. Pendant ce temps, vous pourrez suivre les 4 formations \u00e0 votre propre rythme sur mon site.<\/p>\n<p><a href=\"https:\/\/www.cmmtq.org\/docs\/Documents\/Qualification\/CMMTQ_Guide%20preparation%20examen_final_WEB_20220121.pdf\" onclick=\"__gaTracker('send', 'event', 'download', 'https:\/\/www.cmmtq.org\/docs\/Documents\/Qualification\/CMMTQ_Guide%20preparation%20examen_final_WEB_20220121.pdf');\">Pour bien d\u00e9marrer votre entreprise de plomberie et de chauffage en toute s\u00e9r\u00e9nit\u00e9,<\/a> comptez environ 2 500 $ pour les co\u00fbts associ\u00e9s \u00e0 la RBQ, la CMMTQ et l&rsquo;immatriculation (incorporation). Ce montant comprend la nouvelle licence (700 $), l&rsquo;admission \u00e0 la CMMTQ (1 011 $), une caution (50 $), les frais d&rsquo;examen pour les 4 examens (350 $ x 4), ainsi que les frais d&rsquo;immatriculation (328 $).<\/p>\n<p>Enfin, notez que l&rsquo;achat du code de plomberie 2015 (modifi\u00e9 par le Qc) est \u00e9galement requis.<\/p>\n<ul>\n<li>Le co\u00fbt total\u00a0pour la RBQ, CMMTQ et <span style=\"text-decoration: underline;\"><a href=\"https:\/\/www.registreentreprises.gouv.qc.ca\/fr\/default.aspx\" onclick=\"__gaTracker('send', 'event', 'outbound-article', 'https:\/\/www.registreentreprises.gouv.qc.ca\/fr\/default.aspx', 'l&rsquo;immatriculation');\" target=\"_blank\">l&rsquo;<span style=\"color: #0000ff; text-decoration: underline;\">immatriculation<\/span><\/a><\/span>\u00a0(incorporer) est d&rsquo;environ $2500.\n<ul>\n<li>la nouvelle licence ($700) + l&rsquo;admission \u00e0 la\u00a0CMMTQ ($1011) + caution ($50) + $87 l&rsquo;examen X 4 ($350) + immatriculation ($328) = $2439<\/li>\n<\/ul>\n<\/li>\n<li><a href=\"https:\/\/nrc.canada.ca\/fr\/certifications-evaluations-normes\/codes-canada\/publications-codes-canada\/code-construction-quebec-chapitre-iii-plomberie-code-national-plomberie-canada-2015-modifie\" onclick=\"__gaTracker('send', 'event', 'outbound-article', 'https:\/\/nrc.canada.ca\/fr\/certifications-evaluations-normes\/codes-canada\/publications-codes-canada\/code-construction-quebec-chapitre-iii-plomberie-code-national-plomberie-canada-2015-modifie', 'Achat du code de plomberie 2015 (modifi\u00e9 par le Qc)');\" target=\"_blank\">Achat du code de plomberie 2015 (modifi\u00e9 par le Qc)<\/a><\/li>\n<\/ul>\n<p>[\/vc_column_text][\/vc_column][vc_column width=\u00a0\u00bb1\/2&Prime;][vc_custom_heading text=\u00a0\u00bbExplication du site\u00a0\u00bb font_container=\u00a0\u00bbtag:h2|font_size:24|text_align:left|color:%2321282e\u00a0\u00bb use_theme_fonts=\u00a0\u00bbyes\u00a0\u00bb][vc_video link=\u00a0\u00bbhttps:\/\/vimeo.com\/194616001\/e11294b714&Prime;][\/vc_column][\/vc_row][vc_row][vc_column]<hr class=\"line-spacer  \"\/>[\/vc_column][\/vc_row][vc_row][vc_column width=\u00a0\u00bb1\/2&Prime;][vc_custom_heading text=\u00a0\u00bbInscrivez votre date d&rsquo;examen\u00a0\u00bb font_container=\u00a0\u00bbtag:h2|font_size:24|text_align:left|color:%2321282e\u00a0\u00bb use_theme_fonts=\u00a0\u00bbyes\u00a0\u00bb][vc_column_text][\/vc_column_text][\/vc_column][vc_column width=\u00a0\u00bb1\/2&Prime;][vc_custom_heading text=\u00a0\u00bbConditions d&rsquo;utilisation\u00a0\u00bb font_container=\u00a0\u00bbtag:h2|font_size:24|text_align:left|color:%2321282e\u00a0\u00bb use_theme_fonts=\u00a0\u00bbyes\u00a0\u00bb][vc_column_text]<strong><\/strong><strong><\/strong>[\/vc_column_text][\/vc_column][\/vc_row][vc_row][vc_column][vc_empty_space][\/vc_column][\/vc_row]<\/p>\n","protected":false},"excerpt":{"rendered":"<p>[vc_row newlayout=\u00a0\u00bbFixed\u00a0\u00bb css=\u00a0\u00bb.vc_custom_1431950802762{margin-bottom: 0px !important;}\u00a0\u00bb][vc_column width=\u00a0\u00bb1\/2&Prime;][vc_custom_heading text=\u00a0\u00bbLa formation pour la pr\u00e9paration \u00e0 l&rsquo;examen 15.5 de la CMMTQ est suspendu. \u00a0\u00bb font_container=\u00a0\u00bbtag:h2|font_size:32|text_align:left|color:%233088cd\u00a0\u00bb use_theme_fonts=\u00a0\u00bbyes\u00a0\u00bb][vc_column_text]\u00ab\u00a0Nos formations pour la RBQ sont disponibles EXCLUSIVEMENT en ligne et proposent des quiz interactifs, des documents de r\u00e9f\u00e9rence ainsi que des liens internet pour une exp\u00e9rience d&rsquo;apprentissage optimale.\u00a0\u00bb 1. RBQ : Administration (gestion [&hellip;]<\/p>\n","protected":false},"author":1,"featured_media":432,"parent":0,"menu_order":0,"comment_status":"open","ping_status":"closed","template":"page.php","meta":{"footnotes":""},"class_list":["post-426","page","type-page","status-publish","has-post-thumbnail","hentry"],"_links":{"self":[{"href":"https:\/\/www.formation-plomberie-chauffage.com\/index.php?rest_route=\/wp\/v2\/pages\/426","targetHints":{"allow":["GET"]}}],"collection":[{"href":"https:\/\/www.formation-plomberie-chauffage.com\/index.php?rest_route=\/wp\/v2\/pages"}],"about":[{"href":"https:\/\/www.formation-plomberie-chauffage.com\/index.php?rest_route=\/wp\/v2\/types\/page"}],"author":[{"embeddable":true,"href":"https:\/\/www.formation-plomberie-chauffage.com\/index.php?rest_route=\/wp\/v2\/users\/1"}],"replies":[{"embeddable":true,"href":"https:\/\/www.formation-plomberie-chauffage.com\/index.php?rest_route=%2Fwp%2Fv2%2Fcomments&post=426"}],"version-history":[{"count":150,"href":"https:\/\/www.formation-plomberie-chauffage.com\/index.php?rest_route=\/wp\/v2\/pages\/426\/revisions"}],"predecessor-version":[{"id":11517,"href":"https:\/\/www.formation-plomberie-chauffage.com\/index.php?rest_route=\/wp\/v2\/pages\/426\/revisions\/11517"}],"wp:featuredmedia":[{"embeddable":true,"href":"https:\/\/www.formation-plomberie-chauffage.com\/index.php?rest_route=\/wp\/v2\/media\/432"}],"wp:attachment":[{"href":"https:\/\/www.formation-plomberie-chauffage.com\/index.php?rest_route=%2Fwp%2Fv2%2Fmedia&parent=426"}],"curies":[{"name":"wp","href":"https:\/\/api.w.org\/{rel}","templated":true}]}}